 - -3. Let r = 10 + o. List the prime factors of (-26 - -1)*24/r.
2, 3, 5
Suppose f + 2*p - 2679 = 0, 4*p = -25*f + 29*f - 10716. List the prime factors of f.
3, 19, 47
Let x = -2749 + 1581. Let u = x - -2712. What are the prime factors of u?
2, 193
Let w(j) = -j**3 - 3*j**2 + 2*j - 5. Let n be w(-4). List the prime factors of (n/9)/(2/924).
2, 7, 11
Let l(q) be the third derivative of -q**5/60 + q**4/2 + q**3 - 11*q**2. Let t be l(14). Let a = 6 - t. What are the prime factors of a?
2, 7
Suppose 7*l + 43 = -279. Let q = -49 - l. What are the prime factors of (7 + -2 + q)*(-206)/(-4)?
103
Let h be (-10 - -7 - (2 + -2)) + 6. Suppose 0 = -v + 5*v - 4*n - 2412, -1785 = -h*v - 5*n. What are the prime factors of v?
2, 3, 5
Let m = 2 + -9. Let n(t) be the third derivative of -5*t**4/6 + 5*t**3 - 34*t**2. List the prime factors of n(m).
2, 5, 17
Let t = 92941 + -62011. List the prime factors of t.
2, 3, 5, 1031
What are the prime factors of (9*-1*(-4)/24)/((-3)/(-2344))?
2, 293
Let f be (-6)/(-12) - 33/(-6). Suppose -20*q + 33228 = f*q. List the prime factors of q.
2, 3, 71
Let b(w) = 11*w + 9 + 17*w + 9*w - 36*w. Let y be b(-5). Suppose y*i + i = 395. List the prime factors of i.
79
Suppose -3*a - 3 = 0, 0 = 5*l + 4*a - 22507 - 10349. What are the prime factors of l?
2, 31, 53
Let j = 236 + -233. Suppose -2*s - l + 1457 - 186 = 0, 5*s - 3178 = -j*l. What are the prime factors of s?
5, 127
Suppose 19 = -s - 5*z, -4*s - 15 - 17 = -2*z. What are the prime factors of 4 + s*(-2086)/21?
2, 449
Let z = 33223 + -18104. What are the prime factors of z?
13, 1163
Let g = 60 - 57. Suppose -n = -g*n + 6. List the prime factors of (n/(-9)*-10)/((-1)/(-27)).
2, 3, 5
Let g(h) be the second derivative of 17*h**3/6 + 142*h**2 - 54*h - 1. What are the prime factors of g(33)?
5, 13
What are the prime factors of 16/((-37543)/6259 - -4 - (-2)/1)?
2, 569
Let l be (48/(-32))/((-3)/1990). Let a = l + -56. What are the prime factors of a?
3, 313
Suppose 0*o - 3*o - 288 = 0. Let j be 138 - (-3 + 21/(-14))/(6/(-4)). Let r = j - o. List the prime factors of r.
3, 7, 11
Let j(u) = u**3 - 19*u**2 + 32*u + 27. Let r be j(18). Suppose 0*k - 5*c + r = 2*k, 3*k = -4*c + 415. What are the prime factors of k?
137
Suppose 27*r + 63923 = 206240. What are the prime factors of r?
3, 7, 251
Suppose 18410 = 35*a - 158655. What are the prime factors of a?
5059
List the prime factors of ((-46)/5)/(38/113620)*30/(-24).
5, 13, 23
Suppose -4*a = -5*j + 33917, 16*a = j + 11*a - 6775. What are the prime factors of j?
5, 23, 59
Suppose 15*r = 6*r + 27. Suppose -48 = -3*u - r*w, 0 = -0*u - 2*u - 5*w + 44. Suppose -u*a + 385 = -7*a. What are the prime factors of a?
7, 11
Suppose -t - 4*j + 29 = 0, -2*t - 5*j = 3*t - 70. List the prime factors of 5882/8 + 37/(-4) + t.
3, 5, 7
Suppose 4*n + 11408 = 2*h, -67 = 4*n - 87. List the prime factors of h.
2, 2857
Let l(x) = -260*x - 2. Let m(d) be the second derivative of 7*d**3/6 + 17*d**2 - 23*d + 1. Let i be m(-5). List the prime factors of l(i).
2, 3, 43
Suppose 0*p - 67 = p. Let k be (24/(-36))/(1/114). Let j = p - k. List the prime factors of j.
3
Let j be -5*(-4 + -4 + 7). Let s be ((-5)/(-2) - 2)*6. Suppose -m + s*l + 74 = 0, -4*l + 30 + 264 = j*m. What are the prime factors of m?
2, 31
List the prime factors of ((-76616)/(-12))/((-7)/1*(-2)/21).
61, 157
Let b(u) be the third derivative of 31*u**4/8 - 5*u**3/3 - 32*u**2. What are the prime factors of b(4)?
2, 181
Suppose -2*s = -5*s + 45. Suppose 3*w = 3*o + s, -3*w + o + 23 = 4. Suppose -w*i + 220 = -3*i. What are the prime factors of i?
5, 11
Let l = -14278 - -14509. List the prime factors of l.
3, 7, 11
Let g = 1377 + -218. Let m = g + -722. What are the prime factors of m?
19, 23
Suppose 0 = -2*q - 2*x + 6, -3*q = 3*x + x - 12. Let w be 32 + 1 + (-4)/(-2). Suppose q = b + 10 - w. What are the prime factors of b?
5
Let v = 84 + 54. Suppose 3*d = 6, 4*j = 2*d + 42 + v. Suppose 163 = 3*b + j. What are the prime factors of b?
3, 13
Suppose 5*z = 15, -3*b + 206 = -3*z - 415. Suppose a - 198 = 6*l - 7*l, a + 5*l = b. What are the prime factors of a?
3, 5, 13
Let u = 728 + -718. Suppose -u*t + 2711 = 1071. List the prime factors of t.
2, 41
Suppose -d + 6*d - 85 = -3*j, 0 = 3*j - 5*d - 35. Suppose -25*z = -j*z - 15. List the prime factors of z.
3
Suppose 0 = 5*a - 15 - 5. Suppose 33 - 1033 = -4*t + 2*h, a*t + 3*h - 980 = 0. List the prime factors of t.
2, 31
Let h(m) = -7*m + 2. Let n be h(-1). Suppose 951 = n*k - 2397. What are the prime factors of k?
2, 3, 31
Suppose -4*m + 25 = 5*z - 7*m, 3 = -z - m. Suppose -z*s + 3195 = 5*l + 3*s, -s + 1915 = 3*l. List the prime factors of l.
2, 11, 29
Let j(c) = 2*c**3 + c**2 - 5*c - 3. Let w be j(4). Suppose 125*t - 180 = w*t. What are the prime factors of t?
3, 5
Suppose 427*v - 392*v = 800520. List the prime factors of v.
2, 3, 953
Suppose 3*i + 9 - 3 = 0, 36 = 5*y + 2*i. Suppose -2 = r, -3*v - y*r + 224 = -3*r. What are the prime factors of v?
2, 3, 13
Let q(c) = c**2 - c + 379. Let b = -140 - -140. What are the prime factors of q(b)?
379
Suppose -173552 = -36*m + 17986 + 114066. List the prime factors of m.
13, 653
Let m be (-1 + (-4 - -3))/(-2). Suppose m = -k, u = -2*u + k + 160. What are the prime factors of u?
53
Let i(k) = -k**3 + 82*k**2 - 514*k - 97. What are the prime factors of i(69)?
2, 5, 2633
Suppose -u + 3*t - 8 = -6*u, -4*u + 4*t = 0. What are the prime factors of (1864/2)/4*u?
233
Let j = 14 + 26. Let y be (48/(-20))/(-2*6/j). Suppose 4*b - y = 348. List the prime factors of b.
89
Let y(g) = g**3 + 6*g**2 - 8*g - 7. Let z be y(-7). Suppose -4*m + t - 129 + 514 = 0, -5*m - 4*t + 455 = z. What are the prime factors of m?
5, 19
Suppose 60 = -14*k + 4*k. List the prime factors of (42/(-10))/(k/1310).
7, 131
Suppose 85 + 65 = -30*h. What are the prime factors of -95*(6 - h)*-1?
5, 11, 19
Suppose 0 = -4*a + 1 + 39. Let g(d) = 2*d**2 + 14*d - 35. Let y(q) = -q**2 - 7*q + 18. Let n(l) = -4*g(l) - 9*y(l). List the prime factors of n(a).
2, 37
Suppose -5*q = 2*n - 5859 - 878, 2*n - 6731 = -3*q. List the prime factors of n.
3361
Let y be -1*2/4 - (-65)/26. Let n be (6/6)/((-1)/49). List the prime factors of (-7)/(n/y) + 2012/14.
2, 3
Let z(b) = -66*b**2 - 16*b - 5. Let i(d) = -13*d**2 - 3*d - 1. Let o(y) = 11*i(y) - 2*z(y). Let m be o(-1). List the prime factors of (13 + m)*11/(2/2).
2, 11
Let a(x) = -4 + x + 43*x**3 + x + 5 + x. List the prime factors of a(2).
3, 13
Let c(z) = z**3 + 7*z**2 - 33*z. Let p be c(-15). What are the prime factors of 3 - (-11)/((-33)/p)?
2, 3, 73
Suppose 52175 = 26*r + 9899. List the prime factors of ((-11)/((-132)/r))/(2/4).
271
Suppose -5*w = 20, 3*o - 2*w - 2126 = 2484. List the prime factors of o.
2, 13, 59
Let s be (-2892)/(-15)*5/(-1). Let w = -1370 - s. Let b = 570 + w. What are the prime factors of b?
2, 41
Let c be 16*(3/(-15))/((-8)/20). Suppose 3*a - c*a = -840. List the prime factors of (6/7)/(4/a).
2, 3
Let l be (-23)/21 - 2/(-21). List the prime factors of (10/(-25))/l + 2216/10.
2, 3, 37
Suppose 65233 + 22427 = -0*k + 9*k. What are the prime factors of k?
2, 5, 487
Let c be ((-1)/(3/(-6)))/(15/30). Suppose 0 = -5*p + 25, 1730 = 5*o + c*p - 5*p. What are the prime factors of o?
347
Let u(g) = -12 - 18*g - 3*g**2 + 2*g**2 - 12 + 8. Suppose z - 1 + 14 = 0. List the prime factors of u(z).
7
Suppose -f = 5*x + 5, -2*x = x + 3. Suppose -p = -335 - 55. Suppose 0 = -3*u + 3*z + p, -u - 3*u + 2*z + 514 = f. What are the prime factors of u?
127
Let c(u) be the first derivative of u**4/4 + 13*u**3/3 - 2*u**2 - 27*u - 232. List the prime factors of c(9).
3, 191
Suppose -58081 - 108036 = -7*j. What are the prime factors of j?
19, 1249
Let p be (-13 - -15)/((-2)/1). Let u(w) be the third derivative of 3*w**5/20 - w**4/8 - w**3/3 - w**2. What are the prime factors of u(p)?
2, 5
Let a = -49339 + 86611. What are the prime factors of a?
2, 3, 1553
Let o be (413/(-21))/(1 + (-4)/3). Suppose 0 = -5*u + 5*k + 55 + 200, u - o = 5*k. Suppose 0 = 7*m - 28 - u. List the prime factors of m.
11
Suppose 18*b = 24*b - 62138 - 113836. What are the prime factors of b?
139, 211
Suppose 42*b - 200 - 94 = 0. Suppose -1811 + 7747 = b*a. What are the prime factors of a?
2, 53
Suppose 2*s = 2*x + 6, 8 = -3*x - s - 9. Let h(a) = -6*a**3 - a**2 + 9